What is the greatest common factor of 3477 and l?
57
Let q be ((-99)/15)/(7/(-315)). Let o = 783 - q. Suppose -m - 3*m + 216 = 0. Calculate the greatest common divisor of m and o.
54
Let v be (-3 + (4 - -1))*2. Suppose v*p = -4*w + 168, 0 = p - 3*w - 9 - 25. Suppose 0 = k - 3*k + p. What is the greatest common factor of 5 and k?
5
Let n be (-41)/(-123) - (-2756)/3. Suppose -2010 = -2*k + 3*u - 177, k - 2*u = n. Calculate the highest common divisor of 9 and k.
9
Let r be 4/(-44) - ((-335)/55 + 1). Let f be 425/51 - r/(15/(-2)). Calculate the greatest common factor of 9 and f.
9
Suppose -13969 = 8*d - 13985. Calculate the greatest common factor of d and 7058.
2
Suppose -39*u = -5*v - 42*u + 21795, 3*u = 15. Calculate the greatest common divisor of v and 88.
44
Suppose -2*x - x = 0. Let o be 9 - x/(-5 - -2). Suppose 0 = -673*s + 10543 + 14482 + 17374. What is the greatest common divisor of o and s?
9
Let s(g) = -2*g**2 - 18*g + 3. Let i be s(-6). Let v = i + 189. What is the greatest common divisor of 12 and v?
12
Let l = 51 - 19. Suppose -u + l = u - 2*g, -g - 58 = -4*u. Let t(h) = h**2 - 12*h - 10. Let p be t(u). What is the greatest common divisor of 18 and p?
18
Let v = 71 - 65. Let b(u) = -u**3 + 9*u**2 + 2*u - 55. Let t be b(v). What is the highest common divisor of t and 13?
13
Let t = -92 + 94. Suppose -92 = -s + 5*k, -9*s + t*k = -6*s - 224. Calculate the greatest common divisor of s and 168.
24
Suppose -2*a + 3*a - 33 = 0. Let l = a + 2. Suppose 0*j - 45 = -4*z + j, 0 = -4*z - 2*j + 30. What is the greatest common divisor of l and z?
5
Let o = 14693 - 6951. What is the greatest common divisor of 98 and o?
98
Let r be (-26235)/(-75) - (-8)/40. Calculate the highest common factor of r and 150.
50
Suppose -10*s + 3407 = g - 14*s, 0 = -4*g + s + 13673. What is the greatest common factor of 13 and g?
13
Suppose 82*p = -348*p + 129000. Suppose -4*t = -0 - 48. Calculate the greatest common factor of p and t.
12
Let h(t) = 109*t**3 + t**2 + 6*t + 14. Let y be h(3). What is the greatest common divisor of 8 and y?
8
Let f(b) be the first derivative of -11*b**2/2 - 13. Let y be f(-4). Suppose -4*x = y - 152. What is the greatest common divisor of 135 and x?
27
Let t be 24/(-2) + -1 + (3 - 1). Let p(n) = n**3 + 15*n**2 + 27*n - 2. Let b be p(t). What is the highest common divisor of b and 37?
37
Let p(d) = -d**2 + 2*d + 20. Let r(q) = q + 4. Let w(a) = 3*a + 5. Let k be w(-3). Let z be r(k). Let h be p(z). What is the highest common factor of h and 10?
10
Let n(c) = 22*c + 1. Let y be n(1). Let o = -111 + 127. Suppose -54*r + 16100 = o*r. What is the greatest common divisor of y and r?
23
Suppose 2*w + 3*x = -269, -5*w = 4*x - 3*x + 679. Let z = -130 - w. Calculate the greatest common divisor of 12 and z.
6
Let p be (-4)/(-18) - (-2046)/27. Suppose -4*h - p = -4*x, -3*h - 9 = -34*x + 33*x. Calculate the highest common factor of x and 216.
24
Let k(s) = -24 + 10 - 15 + 6*s + s**2. Let j be k(-14). Suppose 4*m = -3*c + 72, -4*m - 2*c = m - j. Calculate the highest common divisor of m and 135.
15
Suppose -6*m + 180 = -2*m. Let t = 5161 - 4801. Calculate the greatest common divisor of m and t.
45
Let y = 21609 + -21607. Calculate the greatest common factor of 66 and y.
2
Let h = -1495 - -2067. Calculate the highest common factor of 182 and h.
26
Let t(l) = 251*l + 1. Let b be t(1). Let v be b/(1 + 5) - (-5)/5. Calculate the highest common factor of v and 129.
43
Suppose -3*x = 2*z + z + 12, -3*x + 3*z + 12 = 0. Suppose -15*r = -56 - 469. Suppose x = -5*y + 105 - r. What is the highest common factor of 14 and y?
14
Let j be 858/14 - (-12)/42*-1. Let m = 75 + j. Let l = 16 + 1. Calculate the greatest common factor of l and m.
17
Let w(q) = -7*q**3 - 2*q - 1. Let z be w(-1). Suppose 83 = 4*c + z*b - 5*b, -4*b + 4 = 0. Calculate the greatest common divisor of 240 and c.
20
Let w(m) = -2*m**2 + 177*m - 1127. Let a be w(7). Let l = 37 + -15. What is the highest common divisor of l and a?
2
Suppose 0 = 9331*v - 9390*v + 1340952. Calculate the highest common factor of v and 12.
12
Let n be 0 - ((-3)/3 + 2/2). Suppose n = 4*g - 138 - 150. Suppose -3*t + g = -0*t. What is the highest common factor of 96 and t?
24
Suppose 259*j + 105 = -241*j + 521*j. Calculate the greatest common factor of j and 2760.
5
Let f be 5/30*-3 + 1/2. Let w be -6*(2 + f)*-1. What is the highest common factor of w and 300?
12
Let f = -8767 + 8887. What is the highest common divisor of 78 and f?
6
Let x(h) = 90*h - 666. Let p be x(37). Calculate the greatest common divisor of p and 74.
74
Let z be (-89)/(-2) + (-4 - 54/(-12)). Let k(x) = x**2 + 3*x - 5. Let c be k(-5). Calculate the greatest common factor of z and c.
5
Let p(i) = 156*i - 774. Let r be p(5). What is the greatest common factor of 753 and r?
3
Let j = 20614 - 15024. What is the greatest common factor of 78 and j?
26
Let a = -253 + 292. Suppose -3*h = 4*f - 185, -h = -f + a + 2. Calculate the highest common divisor of 484 and f.
44
Let f(g) = -8*g - 225. Let o be f(-38). Let m = 3354 + -2090. Calculate the greatest common divisor of o and m.
79
Let i(j) = -284*j - 8500. Let c be i(-30). Calculate the highest common factor of c and 35110.
10
Let i(t) = 17*t**2 - 54*t - 2. Let c be i(4). Let v = c - 27. Calculate the greatest common factor of 432 and v.
27
Let y be (-4)/(-2) + (5 - (-3 - 10)). Suppose -7*z + 195 = -y*z. Let s be (-148)/(-3) - 10/z. Calculate the greatest common divisor of s and 125.
25
Suppose p - 34 = n, 2*p - 4*n - 123 = -47. Let b(w) = -w**3 + 21*w**2 + 48*w. Let x be b(23). Let k = x - 16. What is the highest common divisor of p and k?
30
Suppose -55*m - 129*m + 15640 = 0. Let d(j) = j**3 - 5*j**2 + 2*j + 3. Let s be d(4). Let t = s + 39. What is the highest common divisor of m and t?
17
Let z = 870 + -617. Suppose 0 = -12*o - 11*o + z. What is the highest common factor of 88 and o?
11
Let v be 21 + -2*27/6 + 0. Calculate the highest common divisor of 276 and v.
12
Let b = -4064 - -4388. Calculate the greatest common divisor of b and 132.
12
Let o(z) = -51 + 330*z + 329*z - 644*z + z**2. Let y be o(-19). What is the greatest common factor of 450 and y?
25
Suppose -h - 5*x = 6, 7 + 5 = 5*h + 4*x. Suppose -5*z = -h*f + 2*f + 191, f - 103 = z. Calculate the highest common divisor of f and 180.
36
Let k = 47 + -38. Suppose k*b = 4*b + 10850. Suppose b = 7*h - 0*h. Calculate the greatest common divisor of 31 and h.
31
Suppose 5*h - 8525 = 5*o, -2*o + 5110 = -0*h + 3*h. Calculate the highest common factor of h and 48.
24
Let y(n) = 6*n**3 + 64*n - 5*n**2 + 2*n**3 - 27*n**2 - 5*n**3 + 17 - 4*n**3. Let k be y(-34). What is the greatest common divisor of k and 45?
9
Suppose 247*s - 5*r - 19 = 245*s, -4*s + 5*r = -43. Suppose -l + 120 = 2*i, 5*i + 4*l - 300 = l. What is the greatest common factor of i and s?
12
Let p = -7573 - -7682. What is the greatest common factor of 10573 and p?
109
Let d(a) = -a**2 - 30*a - 39. Let j be d(-24). Suppose 6*k = k + j. Suppose -2*y = 5*y - k. What is the greatest common factor of y and 9?
3
Let f(h) = 6*h - 6. Let s be f(3). Suppose 0 = -s*l - 0*l. Suppose 0 = -l*z - 6*z + 12. Calculate the highest common divisor of 1 and z.
1
Let r = -130 + 134. Suppose 5*l + 9 + 7 = p, 0 = 5*p - r*l - 80. What is the greatest common divisor of p and 304?
16
Let n = 1393 - 1386. What is the greatest common divisor of n and 3556?
7
Let t(m) = 16 + 32 + 30 - 21 - 9*m. Let a be t(-15). What is the greatest common factor of a and 12?
12
Let p = -149 - -147. Let z be (-66 + -3)*p/3. Calculate the greatest common factor of z and 506.
46
Let v(l) be the third derivative of 23*l**4/8 - 43*l**3/6 - 30*l**2 - 2. Let b be v(2). What is the highest common factor of 19 and b?
19
Suppose -s = -9 + 5. Let m(z) = -8 + 7 - 2*z**2 - 3 + 10*z. Let f be m(s). Calculate the greatest common divisor of 3 and f.
1
Let g(b) = -b**3 + 20*b**2 + 95*b + 60. Let l be g(24). What is the highest common divisor of l and 2304?
36
Suppose 5*c + 3*d = 37, -2*c - 5*d - 10 = -10*d. Let t be (-4 - 195/(-12))*40/c. Calculate the highest common divisor of t and 28.
14
Suppose -1090 = -19*m - 1014. Calculate the highest common factor of 278 and m.
2
Let q(o) = -o**3 + 94*o**2 - 189*o + 850. Let t be q(92). Calculate the highest comm